60 - c**4/24 - c**3/2 + 15*c**2. Give g(0).
-3
Let d(t) = -3*t + 9. Let w(j) = j**2 - 5*j + 3. Let v be w(5). Let u = v + 3. Calculate d(u).
-9
Let i(d) = 3*d + 1. Let u(g) = -g - 4. Let q be u(-4). Let b = 5 + q. Let f(m) = 8*m + 4. Let t(w) = b*f(w) - 14*i(w). Determine t(4).
-2
Let l(h) = -h**3 - 6*h**2 - h - 2. Suppose -18*r - 144 = -36. Give l(r).
4
Suppose -6*z = -7*z + 3. Let q(d) = -2*d**3 - 3*d + 2*d + 0*d**z + 2 - 3. What is q(-1)?
2
Suppose -2*s = -m + 10, -5*m + 0 = 2*s - 2. Let y(x) = -5 - 10*x - x**m + 1 - 1 + 4*x. Give y(-5).
0
Let k(i) = 0*i - 5*i - 4*i**2 - 1 + 2*i**2 + 0. What is k(-4)?
-13
Let l(i) = -i**3 + 5*i**2 - i + 3. Let s = 41 - 37. Determine l(s).
15
Let h(n) = n**3 + 6*n**2 - 6*n + 1. Let u be h(-7). Let s(v) = -v - 12. Determine s(u).
-6
Let v(y) = y**3 - y**2 - y + 1. Let j(l) = -5*l**3 + 4*l**2 + 5*l - 4. Let g(w) = j(w) + 3*v(w). Determine g(2).
-9
Let o(z) be the first derivative of z**6/120 - z**5/12 + 5*z**4/24 - z**3/2 - z**2 + 4. Let n(y) be the second derivative of o(y). Determine n(4).
1
Let c(a) be the first derivative of -a**2 + 18*a + 37. Give c(12).
-6
Let t be (-1*1)/(2/8). Let a be 2/t + (-5)/(-10). Let q(s) = -s. Give q(a).
0
Suppose 3 = 5*u - 2. Let d(i) = -5*i**2 - 5*i + 6*i**2 + 2 - u. What is d(6)?
7
Suppose 0 = 3*n - 4*n + 4. Let y(v) = -5*v**2 + 6*v - 3. Let l(p) = -10*p**2 + 11*p - 5. Let j(q) = n*l(q) - 7*y(q). Calculate j(-1).
-6
Let r(h) = -4*h**2 + 6*h - 2. Let p(z) = 7*z**2 - 11*z + 4. Let f(j) = 3*p(j) + 5*r(j). Suppose 10 = 10*s - 5*s. What is f(s)?
0
Let m(z) = 6*z**2 - 5*z + 1. Let s(q) = -5*q**2 + 8*q - 1. Let f(o) = 5*o**2 - 9*o + 1. Let r(t) = 4*f(t) + 5*s(t). Let a(n) = -2*m(n) - 3*r(n). Calculate a(1).
2
Let o = -114 - -116. Let j(f) = -4*f**3 + 2*f**2 - f + 2. Give j(o).
-24
Let a(p) = -p**3 + 4*p**2 + 4*p. Suppose -23 = -3*z - w - 3*w, 10 = 4*z - 5*w. Determine a(z).
-5
Let h(o) be the first derivative of o**4/12 - o**3/6 - 3*o**2/2 - o - 2. Let n(k) be the first derivative of h(k). What is n(3)?
3
Let n(l) = -4*l**3 - 5*l**2 - 2*l - 2. Let a(w) = -2*w**3 - 3*w**2 - w - 1. Let t(i) = 5*a(i) - 3*n(i). Let d be t(-1). Let z(s) = -2*s**2 + s + 1. Give z(d).
-9
Let f be ((-9)/2)/(3/4). Let s(r) be the second derivative of r**4/12 + 7*r**3/6 + 9*r**2/2 + 2*r. Give s(f).
3
Let a(r) = 4*r. Suppose 2*n - 7*n = 0. Let q be -2 + (1 + n)*-1. Let m be (3 - (-2 - q))/(-1). Give a(m).
-8
Suppose m = -3*c - 0*m - 17, c - 13 = -5*m. Let h(j) = j**3 + 7*j**2 + j + 2. Let w be h(c). Let v(t) = -t**3 - 6*t**2 + 7*t - 2 - 13*t - 2 - 2. What is v(w)?
-1
Let d(g) = -3*g + 7. Let x(z) = -2*z + 6. Let s(a) = 4*d(a) - 5*x(a). Determine s(-4).
6
Let r be -6*((-2)/3 - -1) + -3. Let m(g) be the third derivative of 0*g - 5/24*g**4 - 1/6*g**3 + 1/120*g**6 + 1/15*g**5 + g**2 + 0. Determine m(r).
-1
Let w(f) = 2*f - 3. Suppose 42 = 7*m - 0*m. Give w(m).
9
Suppose 4*g - 23 = 1. Let k(c) = -c - g + 1 + 3 + 3. Give k(-4).
5
Let p(v) be the third derivative of v**6/60 + v**4/24 - v**2. Let l = 15 + -13. Suppose -8 = 4*h - 4*j, l*h = h + 3*j - 8. Determine p(h).
3
Let b(z) be the third derivative of z**5/60 - z**4/3 + 3*z**3/2 + 28*z**2. What is b(7)?
2
Suppose 2 = 3*i - 7. Suppose 6 = -i*q + r - 7, 5*r = 5. Let a(h) = -3*h**3 + 4*h**2 + 4*h**3 + 3 + 2. Give a(q).
5
Let a(h) = 9*h + 6. Let x(z) = 5*z + 3. Let o be 6*((-2)/12 - -2). Let i(l) = o*x(l) - 6*a(l). Calculate i(6).
3
Suppose v = t + 6, -2*t = -5*v - 4*t + 9. Suppose 5*j - 7 = v. Let k(f) = -3*f - 5*f**2 + f**3 - 1 + 7*f - j. What is k(2)?
-7
Let g be -1 + -1 + (-4 - (-6 + -3)). Let n(u) be the first derivative of -4*u + 1/3*u**3 + g*u**2 - 3. Determine n(-6).
-4
Suppose -i + 2*i = 4. Let s(b) = -2*b + 6*b**3 - 4*b**3 + 8*b**2 + 3*b - 4. Let c(j) = 3*j**3 + 15*j**2 + j - 8. Let t(g) = -3*c(g) + 5*s(g). Determine t(i).
-4
Let h(j) = -j**2 + 6*j - 5. Let m be 0/(-3)*(2 + (-3 - 0)). Suppose 4*y - 11 = 1. Suppose 0*f - y*f + 18 = m. Calculate h(f).
-5
Let o(h) = h + 2. Let l be o(-5). Let t = l - -5. Let n(k) = -k - 3*k**3 + 4*k**3 - 1 - k**t + 3. Determine n(0).
2
Let c(n) = -n**2 + 7*n + 8. Let z be c(8). Suppose z*y + 4*y = -20. Let x(u) = u + 5. Let a(j) = -2*j - 10. Let l(r) = 2*a(r) + 5*x(r). Calculate l(y).
0
Let f(j) = -4*j + 0*j - j + 0*j. Give f(-1).
5
Let v(s) be the first derivative of -2*s - s**2 + 4 + 2/3*s**3. Determine v(2).
2
Let r be (-4)/10 - 24/(-10). Let k(s) = -27*s**3 + 40*s**3 + 1 - 12*s**3 - 3*s**2 + 2*s. Determine k(r).
1
Suppose 0 = -12*t + 13*t + 5. Let c(h) = -h**2 - 3*h - 6. Give c(t).
-16
Let w(v) = v - 1. Let a(g) = -2*g + 3. Let j(z) = -a(z) - 4*w(z). Let b(f) = -8*f + 5. Let p = 5 + 4. Let l(h) = p*j(h) - 2*b(h). Give l(-1).
1
Let x(i) = -i - 5. Let w be x(-7). Suppose q - w = -0*q. Let s(j) = 5*j**2 - 8*j + 3. Let f(t) = t**2 - t. Let h(d) = -6*f(d) + s(d). Calculate h(q).
-5
Let i(x) = 4*x**3 + 4*x**2 + 3*x - 2. Let b = 4 + 1. Let a(m) = -m**3 - m**2 - m. Let k(t) = b*a(t) + i(t). Determine k(-2).
6
Let y(k) = 2*k**3 - 4*k**2 + 2*k + 1. Suppose 4*m - 5*l = -49, 11 = 5*l - 14. Let h be (8/(-2))/(12/m). Calculate y(h).
5
Let k(n) = 2*n + 1. Suppose 0 = -6*s - 0*s + 24. What is k(s)?
9
Suppose 0 = -2*b + 9 - 19. Let v(j) = -j**2 - 6*j + 2. What is v(b)?
7
Let s(b) = -b**2 - b + 1. Let g(x) = -x**2 + 4*x - 2. Suppose 4*t - 4 = 4. Let h be g(t). Determine s(h).
-5
Let v(i) be the first derivative of -i**3/3 + 91. Suppose 2 = -4*g - 2*y - 0*y, -2*g = 2*y. Calculate v(g).
-1
Let g(t) = -5*t**2 - 7*t - 10. Let d(w) = -6*w**2 - 4 + 4*w**2 - 8*w - 6 - 4*w**2. Let c(v) = -6*d(v) + 7*g(v). Give c(0).
-10
Let l(i) = -i**2 + 2. Let c(p) = p. Let q(f) = -3*c(f) - l(f). Determine q(4).
2
Let h(n) be the second derivative of -n**4/12 + n**3/3 - 2*n**2 + 7*n. Give h(3).
-7
Let u = -37 + 35. Suppose -4*q = 2*s - 6, 0*s - 3*s = 5*q - 5. Let n = q + u. Let g(x) = 3*x. Give g(n).
6
Let x(j) = 32*j - 18*j - 2 + 6 - 17*j. Calculate x(4).
-8
Let s be (-150)/(-36) - (-4)/(-6). Let j(c) be the second derivative of 1/12*c**4 + 0 + 2*c + s*c**2 - 1/6*c**3. Determine j(0).
7
Let b(g) be the first derivative of g**3/3 + 3*g**2 - 4*g - 7. Calculate b(-3).
-13
Let w(y) = 13*y**3 + 23*y**2 + 4. Let l(s) = -7*s**3 - 12*s**2 - 2. Let i(p) = -11*l(p) - 6*w(p). Let o be ((-1)/(-2))/(2/(-24)). Determine i(o).
-2
Let x(k) = 0*k - 7 + 8 + 3*k. What is x(-4)?
-11
Suppose -4*v + 28 = 2*s - 6*s, -3*v = -5*s - 31. Let c(y) = 2*y + 3 + 3*y**v + 2*y**2 - 6*y**2. Give c(4).
-5
Let o(w) be the second derivative of w**4/12 + w**3/6 - w**2 + w. Suppose 0*g - k = -3*g - 2, g = 4*k - 8. Give o(g).
-2
Let t(u) = u**3 + 9*u**2 - 34*u + 13. Let y be t(-12). Let f(a) = -a**3 - 11*a**2 + a + 3. Calculate f(y).
-8
Suppose -4 - 23 = -3*i. Let c be 3/i - (-8)/3. Suppose -j = -0 + c. Let p(o) = -o**2 - 4*o - 4. Give p(j).
-1
Let z be 4*(-3 - 39/(-12)). Let t(b) be the first derivative of 2*b - 1/2*b**2 + 1. Give t(z).
1
Suppose 3*m = 5*w - 64, -4*w + 4*m + 67 = w. Suppose 1 = 5*f + w. Let j(q) = -2*q**2 - 2*q - 1. Determine j(f).
-5
Let n(c) = c. Let w(t) be the second derivative of -t**3/6 - 5*t**2/2 - t. Let k be w(0). Calculate n(k).
-5
Let l(u) = 2*u - 4. Let n be l(5). Suppose -2 = 5*w + 3*v, 0 = -2*w + n*w - 5*v - 28. Let m(q) = -2*q + 4*q - 2*q**w - 5*q**3 - 3*q. Calculate m(-1).
4
Let r(j) = -j**2 + j + 2. Let w be r(0). Let z(g) = 4*g + 1 + g**2 - 2 + 1 + w. What is z(-3)?
-1
Let r(n) = -1 - n - 8 + 15 - 9. Let l(m) be the second derivative of -m**4/12 + m**3/2 + 2*m**2 + 2*m. Let u be l(3). Calculate r(u).
-7
Let q(g) = -g. Suppose k = -1 + 6. Calculate q(k).
-5
Let o(r) be the second derivative of -2*r**3/3 - r**2/2 - r. Let d(h) = -6*h + 6*h + 2*h**2 + 4 - 3*h**2 + h. Let z be d(3). Calculate o(z).
7
Let k(d) = -d**2 + 4*d + 1. Let s be k(3). Let i(u) = -2*u**2 - 3*u + 1. Let q(c) = -c**2 - 3*c + 1. Let z = 5 + -8. Let x(y) = s*q(y) + z*i(y). Give x(2).
3
Let i = 3 - 1. Let w(h) be the third derivative of h**5/12 - h**4/8 - h**3/3 + 2*h**2. Let d(p) = 3*p**2 - 2*p - 1. Let t(y) = 7*d(y) - 4*w(y). Give t(i).
1
Let b(z) = -z - 4 + 1 + 4. Let q = 391 + -396. What is b(q)?
6
Let k(q) = -q**2 - 6*q. Let f(v) = -v**2 - 6*v + 1. Let m(g) = -6*f(g) + 5*k(g). Give m(-7).
1
Let p(a) = 5*a - 6 - 3*a - 3*a. Let c be p(-8). Let j(k) = -2 - k - k**2 + k - c*k. Determine j(-2).
-